{"id":13,"date":"2010-10-15T14:59:53","date_gmt":"2010-10-15T14:59:53","guid":{"rendered":"http:\/\/thorkellhelgason.is\/wp\/?page_id=13"},"modified":"2012-02-12T13:04:12","modified_gmt":"2012-02-12T13:04:12","slug":"frambo%c3%b0i%c3%b0","status":"publish","type":"page","link":"https:\/\/thorkellhelgason.is\/?page_id=13","title":{"rendered":"Frambo\u00f0i\u00f0"},"content":{"rendered":"<div>\n<p><span style=\"font-weight: normal; font-size: 13px;\">\u00c9g b\u00fd\u00f0 mig fram til setu \u00e1 stj\u00f3rnlaga\u00feingi vegna einl\u00e6gs \u00e1huga og vilja til a\u00f0 b\u00e6ta stj\u00f3rnarfari\u00f0 og gera \u00fea\u00f0 tryggara a\u00f0 b\u00faa \u00ed okkar fagra landi. \u00c9g hef loki\u00f0 starfsferli m\u00ednum og get \u00fev\u00ed einhent m\u00e9r \u00ed \u00feetta mikilv\u00e6ga verkefni. Hj\u00e1 m\u00e9r ver\u00f0ur \u00feessi \u00feingseta, ef af ver\u00f0ur, ekki st\u00f6kkpallur til frekari frama \u00e1 \u00fej\u00f3\u00f0m\u00e1laferli. \u00c9g get \u00fev\u00ed um frj\u00e1lst h\u00f6fu\u00f0 stroki\u00f0!<\/span><\/p>\n<p><span style=\"font-weight: normal; font-size: 13px;\">\u00dea\u00f0 sem \u00e9g tel mig hafa til brunns a\u00f0 bera er menntun m\u00edn \u00ed st\u00e6r\u00f0fr\u00e6\u00f0i, sem \u00e6tti a\u00f0 hj\u00e1lpa m\u00e9r vi\u00f0 a\u00f0 hafa stj\u00f3rnarskr\u00e1 r\u00f6kr\u00e9tta og skipulag\u00f0a en ekki s\u00ed\u00f0ur skiljanlega. \u00d6ndvert vi\u00f0 \u00fea\u00f0 sem margir halda er st\u00e6r\u00f0fr\u00e6\u00f0i til a\u00f0 meitla hugsanir, ekki til a\u00f0 fl\u00e6kja \u00fe\u00e6r! Auk \u00feess hef \u00e9g langa reynslu vi\u00f0 h\u00e1sk\u00f3lakennslu, ranns\u00f3knir, forst\u00f6\u00f0u fyrir opinberum stofnunum og sem r\u00e1\u00f0gjafi opinberra a\u00f0ila \u00e1 m\u00f6rgum svi\u00f0um, svo sem \u00ed skattam\u00e1lum, fiskvei\u00f0istj\u00f3rnun en umfram allt \u00e1 svi\u00f0i kosningam\u00e1la, einkum kosningakerfa. \u00c9g hef komi\u00f0 a\u00f0 \u00f6llum meginbreytingum \u00e1 kosningal\u00f6gum s\u00ed\u00f0ustu \u00ferj\u00e1 \u00e1ratugi. N\u00fa er einmitt kalla\u00f0 \u00e1 n\u00fdjar lei\u00f0ir \u00fear sem kj\u00f3sendur f\u00e1i meira a\u00f0 segja um val \u00e1 fulltr\u00faum s\u00ednum me\u00f0 pers\u00f3nukj\u00f6ri og \u00fej\u00f3\u00f0in ver\u00f0i \u00ed auknum m\u00e6li spur\u00f0 \u00e1lits \u00ed \u00fej\u00f3\u00f0aratkv\u00e6\u00f0agrei\u00f0slum. \u00c9g tel \u00fev\u00ed \u00feekkingu m\u00edna \u00ed kosningafr\u00e6\u00f0um og langa reynslu af r\u00e1\u00f0gj\u00f6f vi\u00f0 Al\u00feingi og r\u00edkisstj\u00f3rnir \u00ed \u00feeim efnum einkar mikilv\u00e6ga \u00ed starfi stj\u00f3rnlaga\u00feingsins.<\/span><\/p>\n<p><span style=\"font-weight: normal; font-size: 13px;\">L\u00f6g um stj\u00f3rnlaga\u00feing kve\u00f0a \u00e1 um a\u00f0 frambj\u00f3\u00f0endur skili knappri l\u00fdsingu \u00e1 \u00e1herslum s\u00ednum. \u00dea\u00f0 sem \u00e9g l\u00e9t fylgja frambo\u00f0i m\u00ednu er \u00feetta:<\/span><\/p>\n<\/div>\n<ul class=\"frambod\">\n<li style=\"text-align: left;\"><em>\u00c9g b\u00fd\u00f0 mig fram til a\u00f0 vinna a\u00f0 vanda\u00f0ri stj\u00f3rnarskr\u00e1.<\/em><\/li>\n<li style=\"text-align: left;\"><em>Til \u00feess b\u00fd\u00f0 \u00e9g menntun m\u00edna, langa og fj\u00f6lbreytta starfsreynslu og ekki s\u00edst reynslu og s\u00e9r\u00feekkingu \u00ed kosningafr\u00e6\u00f0um.<\/em><\/li>\n<li style=\"text-align: left;\"><em>Stj\u00f3rnarskr\u00e1 \u00e1 a\u00f0 vera s\u00e1ttm\u00e1li okkar um l\u00fd\u00f0r\u00e6\u00f0i, mannr\u00e9ttindi og jafnr\u00e9tti.<\/em><\/li>\n<li style=\"text-align: left;\"><em>\u00deetta s\u00e9u grunngildi \u00ed samf\u00e9lagi \u00fear sem manninum s\u00e9 s\u00fdnd vir\u00f0ing og allir f\u00e1i meira a\u00f0 vita og hafa \u00e1hrif.<\/em><\/li>\n<li style=\"text-align: left;\"><em>Stj\u00f3rnarskr\u00e1in ver\u00f0i \u00fej\u00f3\u00f0inni eftir megni v\u00f6rn gegn gr\u00e6\u00f0gi s\u00e9rhagsmunaseggja og afgl\u00f6pum \u00ed stj\u00f3rnarh\u00e1ttum.<\/em><\/li>\n<li style=\"text-align: left;\"><em>\u00c9g hef m\u00f3ta\u00f0ar sko\u00f0anir um stj\u00f3rnarskr\u00e1na en hlusta og tek r\u00f6kum; s\u00e1tt f\u00e6st a\u00f0eins me\u00f0 samr\u00e6\u00f0u \u00e1 stj\u00f3rnlaga\u00feingi og samr\u00e1\u00f0i vi\u00f0 \u00fej\u00f3\u00f0ina.<\/em><\/li>\n<li style=\"text-align: left;\"><em>\u00c9g hef almannaheill a\u00f0 lei\u00f0arlj\u00f3si.<\/em><\/li>\n<li style=\"text-align: left;\"><em>\u00c9g \u00feigg engin fj\u00e1rframl\u00f6g og dreg ekki taum s\u00e9rhagsmuna.<\/em><\/li>\n<\/ul>\n<p>Hverju \u00feessara efnisatri\u00f0a mun \u00e9g gera frekari skil annars sta\u00f0ar \u00e1 \u00feessari vefs\u00ed\u00f0u eftir f\u00f6ngum.<\/p>\n","protected":false},"excerpt":{"rendered":"<p>\u00c9g b\u00fd\u00f0 mig fram til setu \u00e1 stj\u00f3rnlaga\u00feingi vegna einl\u00e6gs \u00e1huga og vilja til a\u00f0 b\u00e6ta stj\u00f3rnarfari\u00f0 og gera \u00fea\u00f0 tryggara a\u00f0 b\u00faa \u00ed okkar fagra landi. \u00c9g hef loki\u00f0 starfsferli m\u00ednum og get \u00fev\u00ed einhent m\u00e9r \u00ed \u00feetta mikilv\u00e6ga verkefni. Hj\u00e1 m\u00e9r ver\u00f0ur \u00feessi \u00feingseta, ef af ver\u00f0ur, ekki st\u00f6kkpallur til frekari frama \u00e1 [&hellip;]<\/p>\n","protected":false},"author":1,"featured_media":0,"parent":1335,"menu_order":1,"comment_status":"closed","ping_status":"closed","template":"","meta":{"_et_pb_use_builder":"","_et_pb_old_content":"","_et_gb_content_width":"","footnotes":""},"class_list":["post-13","page","type-page","status-publish","hentry"],"_links":{"self":[{"href":"https:\/\/thorkellhelgason.is\/index.php?rest_route=\/wp\/v2\/pages\/13","targetHints":{"allow":["GET"]}}],"collection":[{"href":"https:\/\/thorkellhelgason.is\/index.php?rest_route=\/wp\/v2\/pages"}],"about":[{"href":"https:\/\/thorkellhelgason.is\/index.php?rest_route=\/wp\/v2\/types\/page"}],"author":[{"embeddable":true,"href":"https:\/\/thorkellhelgason.is\/index.php?rest_route=\/wp\/v2\/users\/1"}],"replies":[{"embeddable":true,"href":"https:\/\/thorkellhelgason.is\/index.php?rest_route=%2Fwp%2Fv2%2Fcomments&post=13"}],"version-history":[{"count":18,"href":"https:\/\/thorkellhelgason.is\/index.php?rest_route=\/wp\/v2\/pages\/13\/revisions"}],"predecessor-version":[{"id":1338,"href":"https:\/\/thorkellhelgason.is\/index.php?rest_route=\/wp\/v2\/pages\/13\/revisions\/1338"}],"up":[{"embeddable":true,"href":"https:\/\/thorkellhelgason.is\/index.php?rest_route=\/wp\/v2\/pages\/1335"}],"wp:attachment":[{"href":"https:\/\/thorkellhelgason.is\/index.php?rest_route=%2Fwp%2Fv2%2Fmedia&parent=13"}],"curies":[{"name":"wp","href":"https:\/\/api.w.org\/{rel}","templated":true}]}}